37
Calculate the remainder when 2158 is divided by 245.
198
Calculate the remainder when 15237 is divided by 137.
30
What is the remainder when 70361 is divided by 1675?
11
Calculate the remainder when 229248 is divided by 114573.
102
What is the remainder when 6443 is divided by 307?
303
What is the remainder when 3012 is divided by 2966?
46
Calculate the remainder when 14111 is divided by 7036.
39
Calculate the remainder when 215 is divided by 9.
8
What is the remainder when 351 is divided by 109?
24
Calculate the remainder when 24869 is divided by 3263.
2028
What is the remainder when 36765 is divided by 1414?
1
Calculate the remainder when 1152437 is divided by 40.
37
Calculate the remainder when 1653832 is divided by 16.
8
What is the remainder when 3045 is divided by 61?
56
What is the remainder when 108060 is divided by 54016?
28
What is the remainder when 227303 is divided by 36?
35
Calculate the remainder when 60631 is divided by 13.
12
What is the remainder when 13099 is divided by 465?
79
Calculate the remainder when 1771 is divided by 341.
66
What is the remainder when 5235 is divided by 404?
387
What is the remainder when 575 is divided by 281?
13
What is the remainder when 16732 is divided by 182?
170
What is the remainder when 20134 is divided by 347?
8
What is the remainder when 25881 is divided by 143?
141
Calculate the remainder when 458899 is divided by 230.
49
What is the remainder when 785041 is divided by 4?
1
Calculate the remainder when 1955895 is divided by 277.
275
Calculate the remainder when 59076 is divided by 19690.
6
Calculate the remainder when 1637 is divided by 543.
8
What is the remainder when 10623 is divided by 3?
0
Calculate the remainder when 1017 is divided by 445.
127
What is the remainder when 52580 is divided by 62?
4
What is the remainder when 1421 is divided by 781?
640
What is the remainder when 22300 is divided by 7310?
370
What is the remainder when 546 is divided by 489?
57
What is the remainder when 291814 is divided by 887?
878
Calculate the remainder when 141817 is divided by 3.
1
What is the remainder when 2472 is divided by 15?
12
Calculate the remainder when 4132 is divided by 21.
16
Calculate the remainder when 5514 is divided by 53.
2
What is the remainder when 37062 is divided by 598?
584
Calculate the remainder when 6010 is divided by 1772.
694
What is the remainder when 75638 is divided by 1644?
14
What is the remainder when 4416 is divided by 756?
636
What is the remainder when 131785 is divided by 84?
73
What is the remainder when 6986 is divided by 123?
98
What is the remainder when 13687 is divided by 90?
7
Calculate the remainder when 17034 is divided by 1214.
38
Calculate the remainder when 1383 is divided by 42.
39
What is the remainder when 92599 is divided by 20?
19
What is the remainder when 209542 is divided by 69?
58
What is the remainder when 490307 is divided by 84?
83
What is the remainder when 7155 is divided by 1233?
990
Calculate the remainder when 3777 is divided by 135.
132
What is the remainder when 114682 is divided by 1147?
1129
What is the remainder when 702896 is divided by 330?
326
What is the remainder when 10532 is divided by 5096?
340
Calculate the remainder when 19647 is divided by 4816.
383
Calculate the remainder when 562 is divided by 315.
247
Calculate the remainder when 776600 is divided by 19415.
0
What is the remainder when 90401 is divided by 262?
11
Calculate the remainder when 123959 is divided by 14.
3
What is the remainder when 25587 is divided by 157?
153
Calculate the remainder when 35926 is divided by 479.
1
Calculate the remainder when 16922 is divided by 1211.
1179
What is the remainder when 2054 is divided by 381?
149
Calculate the remainder when 7383 is divided by 51.
39
Calculate the remainder when 52924 is divided by 3299.
140
What is the remainder when 117846 is divided by 58918?
10
Calculate the remainder when 660 is divided by 228.
204
Calculate the remainder when 15116 is divided by 210.
206
What is the remainder when 106189 is divided by 48?
13
What is the remainder when 126309 is divided by 99?
84
Calculate the remainder when 743 is divided by 251.
241
Calculate the remainder when 12589 is divided by 229.
223
Calculate the remainder when 8324 is divided by 246.
206
Calculate the remainder when 292714 is divided by 97568.
10
Calculate the remainder when 24147 is divided by 12068.
11
What is the remainder when 5967 is divided by 36?
27
Calculate the remainder when 4519 is divided by 4377.
142
What is the remainder when 20951 is divided by 2641?
2464
Calculate the remainder when 60195 is divided by 158.
155
Calculate the remainder when 31405 is divided by 151.
148
Calculate the remainder when 5826 is divided by 413.
44
Calculate the remainder when 83 is divided by 15.
8
Calculate the remainder when 50964 is divided by 280.
4
Calculate the remainder when 5420 is divided by 1691.
347
Calculate the remainder when 33169 is divided by 55.
4
What is the remainder when 33547 is divided by 686?
619
Calculate the remainder when 388069 is divided by 194030.
9
What is the remainder when 2634090 is divided by 11?
8
What is the remainder when 43843 is divided by 16?
3
Calculate the remainder when 16108 is divided by 56.
36
Calculate the remainder when 77718 is divided by 67.
65
Calculate the remainder when 15314 is divided by 473.
178
Calculate the remainder when 26636 is divided by 1773.
41
Calculate the remainder when 13603 is divided by 1511.
4
What is the remainder when 67431 is divided by 55?
1
Calculate the remainder when 12579 is divided by 9.
6
What is the remainder when 11009 is divided by 9828?
1181
Calculate the remainder when 1050 is divided by 716.
334
Calculate the remainder when 7133 is divided by 6878.
255
What is the remainder when 79815 is divided by 22?
21
What is the remainder when 63360 is divided by 352?
0
What is the remainder when 385977 is divided by 395?
62
Calculate the remainder when 2080 is divided by 908.
264
Calculate the remainder when 3477 is divided by 231.
12
Calculate the remainder when 18217 is divided by 82.
13
What is the remainder when 9091 is divided by 406?
159
What is the remainder when 102193 is divided by 45?
43
Calculate the remainder when 88106 is divided by 17615.
31
Calculate the remainder when 1104 is divided by 999.
105
Calculate the remainder when 281373 is divided by 58.
15
Calculate the remainder when 516631 is divided by 678.
673
What is the remainder when 36090 is divided by 177?
159
Calculate the remainder when 205903 is divided by 21.
19
What is the remainder when 6142 is divided by 5?
2
Calculate the remainder when 3363 is divided by 185.
33
Calculate the remainder when 95615 is divided by 8.
7
What is the remainder when 225503 is divided by 348?
347
What is the remainder when 146410 is divided by 20915?
5
Calculate the remainder when 78904 is divided by 3757.
7
Calculate the remainder when 7748833 is divided by 148.
145
What is the remainder when 24641 is divided by 39?
32
Calculate the remainder when 13124 is divided by 98.
90
What is the remainder when 3869 is divided by 45?
44
What is the remainder when 88312 is divided by 64?
56
Calculate the remainder when 434718 is divided by 87.
66
Calculate the remainder when 150268 is divided by 128.
124
What is the remainder when 422707 is divided by 206?
201
Calculate the remainder when 566 is divided by 203.
160
Calculate the remainder when 28331 is divided by 436.
427
What is the remainder when 10526 is divided by 18?
14
What is the remainder when 144479 is divided by 602?
601
What is the remainder when 581 is divided by 195?
191
What is the remainder when 44400 is divided by 33?
15
What is the remainder when 218860 is divided by 19894?
26
What is the remainder when 29304 is divided by 9766?
6
Calculate the remainder when 23678 is divided by 1074.
50
Calculate the remainder when 766930 is divided by 1243.
1242
What is the remainder when 142869 is divided by 373?
10
Calculate the remainder when 6269 is divided by 95.
94
What is the remainder when 3810 is divided by 760?
10
What is the remainder when 41439 is divided by 26?
21
Calculate the remainder when 14459 is divided by 391.
383
Calculate the remainder when 414718 is divided by 40.